{"id":8,"date":"2026-03-14T14:15:16","date_gmt":"2026-03-14T13:15:16","guid":{"rendered":"https:\/\/tacticalarena.pl\/?page_id=8"},"modified":"2026-03-14T14:15:16","modified_gmt":"2026-03-14T13:15:16","slug":"8-2","status":"publish","type":"page","link":"https:\/\/tacticalarena.pl\/?page_id=8","title":{"rendered":""},"content":{"rendered":"\n<div class=\"wp-block-cover alignfull has-accent-1-color has-text-color has-link-color wp-elements-fe8c0f849e70f9419f0e21464d3b2b0d\" style=\"margin-top:0;margin-bottom:0;padding-top:200px;padding-right:var(--wp--preset--spacing--50);padding-bottom:200px;padding-left:var(--wp--preset--spacing--50);min-height:100vh;aspect-ratio:unset;\"><img fetchpriority=\"high\" decoding=\"async\" width=\"2560\" height=\"1819\" class=\"wp-block-cover__image-background wp-image-10\" alt=\"Zdj\u0119cie przedstawiaj\u0105ce pole pe\u0142ne kwiat\u00f3w, b\u0142\u0119kitne niebo i drzewo.\" src=\"https:\/\/tacticalarena.pl\/wp-content\/uploads\/2026\/03\/coming-soon-bg-image-scaled.webp\" data-object-fit=\"cover\" srcset=\"https:\/\/tacticalarena.pl\/wp-content\/uploads\/2026\/03\/coming-soon-bg-image-scaled.webp 2560w, https:\/\/tacticalarena.pl\/wp-content\/uploads\/2026\/03\/coming-soon-bg-image-300x213.webp 300w, https:\/\/tacticalarena.pl\/wp-content\/uploads\/2026\/03\/coming-soon-bg-image-1024x727.webp 1024w, https:\/\/tacticalarena.pl\/wp-content\/uploads\/2026\/03\/coming-soon-bg-image-768x546.webp 768w, https:\/\/tacticalarena.pl\/wp-content\/uploads\/2026\/03\/coming-soon-bg-image-1536x1091.webp 1536w, https:\/\/tacticalarena.pl\/wp-content\/uploads\/2026\/03\/coming-soon-bg-image-2048x1455.webp 2048w\" sizes=\"(max-width: 2560px) 100vw, 2560px\" \/><span aria-hidden=\"true\" class=\"wp-block-cover__background has-background-dim-10 has-background-dim\"><\/span><div class=\"wp-block-cover__inner-container has-global-padding is-layout-constrained wp-container-core-cover-is-layout-d47c59a2 wp-block-cover-is-layout-constrained\">\n<div class=\"wp-block-group is-vertical is-content-justification-center is-layout-flex wp-container-core-group-is-layout-ce155fab wp-block-group-is-layout-flex\">\n<h2 class=\"wp-block-heading has-text-align-center is-style-text-annotation is-style-text-annotation--1\">Wydarzenie<\/h2>\n<\/div>\n\n\n\n<h3 class=\"wp-block-heading has-text-align-center has-xx-large-font-size\">Ju\u017c wkr\u00f3tce nadchodzi co\u015b wspania\u0142ego<\/h3>\n\n\n\n<p class=\"has-text-align-center\">Zapisz si\u0119, aby otrzyma\u0107 powiadomienie, gdy nasza witryna internetowa b\u0119dzie gotowa.<\/p>\n\n\n\n<div class=\"wp-block-buttons is-content-justification-center is-layout-flex wp-container-core-buttons-is-layout-a89b3969 wp-block-buttons-is-layout-flex\">\n<div class=\"wp-block-button is-style-fill\"><a class=\"wp-block-button__link has-contrast-color has-accent-1-background-color has-text-color has-background has-link-color has-border-color has-accent-1-border-color wp-element-button\">Subskrybuj<\/a><\/div>\n<\/div>\n<\/div><\/div>\n","protected":false},"excerpt":{"rendered":"","protected":false},"author":1,"featured_media":0,"parent":0,"menu_order":0,"comment_status":"closed","ping_status":"closed","template":"","meta":{"footnotes":""},"class_list":["post-8","page","type-page","status-publish","hentry"],"yoast_head":"<!-- This site is optimized with the Yoast SEO plugin v27.1.1 - https:\/\/yoast.com\/product\/yoast-seo-wordpress\/ -->\n<title>- wordpressplugins<\/title>\n<meta name=\"robots\" content=\"index, follow, max-snippet:-1, max-image-preview:large, max-video-preview:-1\" \/>\n<link rel=\"canonical\" href=\"http:\/\/tacticalarena.pl\/?page_id=8\" \/>\n<meta property=\"og:locale\" content=\"pl_PL\" \/>\n<meta property=\"og:type\" content=\"article\" \/>\n<meta property=\"og:title\" content=\"- wordpressplugins\" \/>\n<meta property=\"og:url\" content=\"http:\/\/tacticalarena.pl\/?page_id=8\" \/>\n<meta property=\"og:site_name\" content=\"wordpressplugins\" \/>\n<meta property=\"og:image\" content=\"https:\/\/tacticalarena.pl\/wp-content\/uploads\/2026\/03\/coming-soon-bg-image-scaled.webp\" \/>\n<meta name=\"twitter:label1\" content=\"Szacowany czas czytania\" \/>\n\t<meta name=\"twitter:data1\" content=\"1 minuta\" \/>\n<script type=\"application\/ld+json\" class=\"yoast-schema-graph\">{\"@context\":\"https:\/\/schema.org\",\"@graph\":[{\"@type\":\"WebPage\",\"@id\":\"http:\/\/tacticalarena.pl\/?page_id=8\",\"url\":\"http:\/\/tacticalarena.pl\/?page_id=8\",\"name\":\"- wordpressplugins\",\"isPartOf\":{\"@id\":\"https:\/\/tacticalarena.pl\/#website\"},\"primaryImageOfPage\":{\"@id\":\"http:\/\/tacticalarena.pl\/?page_id=8#primaryimage\"},\"image\":{\"@id\":\"http:\/\/tacticalarena.pl\/?page_id=8#primaryimage\"},\"thumbnailUrl\":\"https:\/\/tacticalarena.pl\/wp-content\/uploads\/2026\/03\/coming-soon-bg-image-scaled.webp\",\"datePublished\":\"2026-03-14T13:15:16+00:00\",\"inLanguage\":\"pl-PL\",\"potentialAction\":[{\"@type\":\"ReadAction\",\"target\":[\"http:\/\/tacticalarena.pl\/?page_id=8\"]}]},{\"@type\":\"ImageObject\",\"inLanguage\":\"pl-PL\",\"@id\":\"http:\/\/tacticalarena.pl\/?page_id=8#primaryimage\",\"url\":\"https:\/\/tacticalarena.pl\/wp-content\/uploads\/2026\/03\/coming-soon-bg-image-scaled.webp\",\"contentUrl\":\"https:\/\/tacticalarena.pl\/wp-content\/uploads\/2026\/03\/coming-soon-bg-image-scaled.webp\",\"width\":2560,\"height\":1819},{\"@type\":\"WebSite\",\"@id\":\"https:\/\/tacticalarena.pl\/#website\",\"url\":\"https:\/\/tacticalarena.pl\/\",\"name\":\"wordpressplugins\",\"description\":\"\",\"potentialAction\":[{\"@type\":\"SearchAction\",\"target\":{\"@type\":\"EntryPoint\",\"urlTemplate\":\"https:\/\/tacticalarena.pl\/?s={search_term_string}\"},\"query-input\":{\"@type\":\"PropertyValueSpecification\",\"valueRequired\":true,\"valueName\":\"search_term_string\"}}],\"inLanguage\":\"pl-PL\"}]}<\/script>\n<!-- \/ Yoast SEO plugin. -->","yoast_head_json":{"title":"- wordpressplugins","robots":{"index":"index","follow":"follow","max-snippet":"max-snippet:-1","max-image-preview":"max-image-preview:large","max-video-preview":"max-video-preview:-1"},"canonical":"http:\/\/tacticalarena.pl\/?page_id=8","og_locale":"pl_PL","og_type":"article","og_title":"- wordpressplugins","og_url":"http:\/\/tacticalarena.pl\/?page_id=8","og_site_name":"wordpressplugins","og_image":[{"url":"https:\/\/tacticalarena.pl\/wp-content\/uploads\/2026\/03\/coming-soon-bg-image-scaled.webp","type":"","width":"","height":""}],"twitter_misc":{"Szacowany czas czytania":"1 minuta"},"schema":{"@context":"https:\/\/schema.org","@graph":[{"@type":"WebPage","@id":"http:\/\/tacticalarena.pl\/?page_id=8","url":"http:\/\/tacticalarena.pl\/?page_id=8","name":"- wordpressplugins","isPartOf":{"@id":"https:\/\/tacticalarena.pl\/#website"},"primaryImageOfPage":{"@id":"http:\/\/tacticalarena.pl\/?page_id=8#primaryimage"},"image":{"@id":"http:\/\/tacticalarena.pl\/?page_id=8#primaryimage"},"thumbnailUrl":"https:\/\/tacticalarena.pl\/wp-content\/uploads\/2026\/03\/coming-soon-bg-image-scaled.webp","datePublished":"2026-03-14T13:15:16+00:00","inLanguage":"pl-PL","potentialAction":[{"@type":"ReadAction","target":["http:\/\/tacticalarena.pl\/?page_id=8"]}]},{"@type":"ImageObject","inLanguage":"pl-PL","@id":"http:\/\/tacticalarena.pl\/?page_id=8#primaryimage","url":"https:\/\/tacticalarena.pl\/wp-content\/uploads\/2026\/03\/coming-soon-bg-image-scaled.webp","contentUrl":"https:\/\/tacticalarena.pl\/wp-content\/uploads\/2026\/03\/coming-soon-bg-image-scaled.webp","width":2560,"height":1819},{"@type":"WebSite","@id":"https:\/\/tacticalarena.pl\/#website","url":"https:\/\/tacticalarena.pl\/","name":"wordpressplugins","description":"","potentialAction":[{"@type":"SearchAction","target":{"@type":"EntryPoint","urlTemplate":"https:\/\/tacticalarena.pl\/?s={search_term_string}"},"query-input":{"@type":"PropertyValueSpecification","valueRequired":true,"valueName":"search_term_string"}}],"inLanguage":"pl-PL"}]}},"_links":{"self":[{"href":"https:\/\/tacticalarena.pl\/index.php?rest_route=\/wp\/v2\/pages\/8","targetHints":{"allow":["GET"]}}],"collection":[{"href":"https:\/\/tacticalarena.pl\/index.php?rest_route=\/wp\/v2\/pages"}],"about":[{"href":"https:\/\/tacticalarena.pl\/index.php?rest_route=\/wp\/v2\/types\/page"}],"author":[{"embeddable":true,"href":"https:\/\/tacticalarena.pl\/index.php?rest_route=\/wp\/v2\/users\/1"}],"replies":[{"embeddable":true,"href":"https:\/\/tacticalarena.pl\/index.php?rest_route=%2Fwp%2Fv2%2Fcomments&post=8"}],"version-history":[{"count":1,"href":"https:\/\/tacticalarena.pl\/index.php?rest_route=\/wp\/v2\/pages\/8\/revisions"}],"predecessor-version":[{"id":11,"href":"https:\/\/tacticalarena.pl\/index.php?rest_route=\/wp\/v2\/pages\/8\/revisions\/11"}],"wp:attachment":[{"href":"https:\/\/tacticalarena.pl\/index.php?rest_route=%2Fwp%2Fv2%2Fmedia&parent=8"}],"curies":[{"name":"wp","href":"https:\/\/api.w.org\/{rel}","templated":true}]}}